 n - 4. Let v be p(6). Calculate the greatest common factor of v and m.
2
Let j = 61 + -35. Calculate the greatest common factor of j and 130.
26
Suppose 0 = x - 4*k - 11 - 6, -x = 5*k + 19. Let b be 11/x - (-2 + 2). Calculate the greatest common factor of 88 and b.
11
Suppose j + 3*j - 16 = 0. Suppose -47 = -g - p, 3*g + 2*g = -p + 223. What is the highest common factor of j and g?
4
Let j(s) = -67*s**3 - s**2 + s + 1. Let h be j(-1). Let d = -34 + h. What is the greatest common factor of d and 80?
16
Suppose 3*n + 4*a = 110, 0*n + 96 = 2*n - 3*a. Let b = 110 - 5. What is the highest common factor of n and b?
21
Suppose -3*r - 1 = 4*d + 1, 8 = -4*d. Suppose 4*w - 14 + r = 0. Let f be 17 + 2 + -2 + w. Calculate the greatest common factor of 140 and f.
20
Suppose 4*o + 2 = 2*w - 0*w, w - 3*o + 3 = 0. Let g be -8*1*(0 + -1). Let n be 4*(3 + (-22)/g). What is the highest common factor of w and n?
1
Let i = 11 - 8. Let g = 13 - 7. Suppose -a + g*a - 150 = 0. What is the highest common factor of a and i?
3
Let s be 220/14 + 10/35. Let m = -11 + s. Let q be 1 - -7 - 1 - 2. What is the greatest common factor of m and q?
5
Let o be (-2)/(-11) - 828/(-44). Suppose -4*u + 63 = o. What is the greatest common divisor of 55 and u?
11
Let t be 2*(0 + (-14)/4). Let h(g) = g**3 + 6*g**2 - 8*g - 2. Let r be h(t). Suppose -218 - 187 = -r*u. What is the greatest common factor of 9 and u?
9
Let f(w) = -4*w + 101. Let u be f(25). Let k be (-5)/(-7) - 4/(-14). Calculate the greatest common divisor of u and k.
1
Let y = -68 - -87. Calculate the greatest common factor of 19 and y.
19
Let l = 27 - 10. Let c be 338/l + (-12)/(-102). Calculate the greatest common factor of 30 and c.
10
Suppose -o = -13 - 14. Let q(g) = -g + 9. Let p be q(4). Let i(m) = 3*m - 6. Let z be i(p). What is the highest common factor of o and z?
9
Let o = 6 - 2. Let b be 2/(-3) - o/(-6). Suppose 3*m + 2*m - 280 = b. Calculate the greatest common divisor of 8 and m.
8
Suppose 3*u - u - 6 = -r, 4*u = r + 12. Suppose -u*f = -4*f + 12. Let w(l) = 5*l**2 - 5*l - 6. Let k be w(3). Calculate the greatest common factor of k and f.
12
Let d(i) = i**3 - 13*i**2 + 11*i + 10. Let b be d(13). Calculate the greatest common factor of b and 17.
17
Let y(w) be the second derivative of -w**4/12 + 8*w**3/3 - 2*w**2 - 4*w. Let d be y(15). Calculate the greatest common divisor of 99 and d.
11
Let c = 12 - 21. Let f be 2*(c/(-2) + 1). Let y be (1 + 54)*4/10. Calculate the greatest common divisor of f and y.
11
Let d(y) = y**3 + 13*y**2 - 9*y - 18. Let i be d(-13). Calculate the greatest common divisor of i and 11.
11
Let n(b) = -b**2 + 7*b + 4. Let w be n(7). Suppose g = -w*j + 3*j + 88, 5*g - 446 = -2*j. What is the greatest common factor of g and 10?
10
Let n = 123 - -117. What is the highest common factor of n and 48?
48
Let c = 119 + -71. Suppose 0 = -g - g + c. What is the highest common factor of 3 and g?
3
Suppose -99 = -5*r + q, 2*r + 2*r = -3*q + 64. Suppose -4*g + r = -45. Suppose 2*d = 3 + 1. Calculate the highest common divisor of g and d.
2
Let t be ((-108)/15)/(-4)*(7 - 2). Calculate the highest common divisor of 9 and t.
9
Let n(t) = 5*t - 6. Let i be n(2). Let o be (i + (-3 - 2))*-22. What is the greatest common factor of 110 and o?
22
Suppose 3*x - 8*x + 35 = 0. Calculate the greatest common divisor of 14 and x.
7
Suppose -3*b + 2 = -2*b. Suppose 3*m = -0*m + 3. Let d be m - 3 - 36/(-2). What is the highest common divisor of b and d?
2
Let l(c) = -c**3 - 2. Let k be l(0). Let i be k/((-2)/(-4) - 1). Suppose 3*r - i = -1. What is the highest common factor of 6 and r?
1
Suppose a - 16 + 0 = 0. Suppose 3*c - 89 = a. Suppose 2*z = -2*y, -7 = y - 2. Calculate the highest common divisor of c and z.
5
Suppose -s = -4*n + 2*s + 28, 2*n - 24 = 4*s. Let r be (-8)/(-5)*165/6. Calculate the greatest common factor of n and r.
4
Let q(r) = r**2 - 9*r + 10. Let l be q(8). Suppose -3*h + v + 36 = -2*v, h - 12 = l*v. What is the highest common factor of 18 and h?
6
Let k = 4 - 2. Suppose u + k = 1. Let j be 11 + 0 + 0 - u. What is the highest common divisor of 8 and j?
4
Suppose 4*l - 6 = 42. What is the highest common factor of 96 and l?
12
Let n(w) = w**2 + 3*w + 1. Let k be n(-5). Let j = k - -11. Suppose -j - 7 = -5*x - 4*c, 3*x - 5*c = 47. Calculate the highest common factor of 18 and x.
9
Suppose -4*d + 0*d = -2*r + 8, r - 3*d = 1. Suppose 5*g - 165 = -2*y, -4*y + g = 2*g - 285. What is the highest common divisor of r and y?
10
Let b(v) = 2*v**2 - v + 3. Suppose 0 = 5*p - 4*h - 17, 4*h - 35 = -5*p - h. Let s be b(p). Calculate the highest common factor of s and 32.
16
Let c(u) = -u**2 + 6*u - 4. Let w be c(4). Suppose -3*m + 4*m = 28. What is the greatest common factor of m and w?
4
Let v be ((-21)/(-14) + -1)*(217 + -1). What is the greatest common factor of 27 and v?
27
Let v(u) = -3*u + 3. Let s be v(-6). Suppose 2*y - 201 - 135 = 0. What is the greatest common divisor of y and s?
21
Suppose 3*p = 4*b + 291 + 77, -5*p + 628 = -3*b. What is the greatest common factor of 32 and p?
32
Suppose w - 18 = -2. Suppose -4*j + 3 + 9 = 0. Suppose -284 = -j*r + 244. Calculate the greatest common factor of r and w.
16
Let b(r) be the third derivative of -r**6/120 + 4*r**5/15 - 13*r**4/24 - 3*r**3 - 8*r**2. Let i be b(15). Calculate the greatest common factor of i and 6.
6
Let p = 3 + -2. Suppose -3*b = -4 + p. What is the highest common factor of 11 and b?
1
Let y(f) = -95*f + 6. Let x be y(-2). Calculate the greatest common divisor of 49 and x.
49
Suppose -2*t + 5*v = -4*t + 22, 0 = 5*t + 5*v - 25. Let u(z) = 47*z**2 + z. Let g be u(t). What is the highest common divisor of g and 32?
16
Suppose -24 = -2*x + 40. What is the highest common factor of x and 80?
16
Let b = -20 - -60. Calculate the highest common divisor of 5 and b.
5
Let m(k) = 4*k - 7. Let y be m(7). Suppose -t + 5 = l - 0*l, y = 5*t + l. Suppose 0 = -w + t*w - 21. Calculate the greatest common factor of 35 and w.
7
Suppose s = 4*s - 6. Let b be -2 + s + 8/2. Let c(v) = v**2 - 3*v + 6. Let h be c(b). Calculate the highest common divisor of h and 20.
10
Let g = -340 - -524. What is the greatest common divisor of 23 and g?
23
Let g = 9 - 4. Suppose g*x - x - 92 = 0. Calculate the highest common factor of 23 and x.
23
Let w(v) = 2*v**2 + 5*v + 5. Let i(c) = -2*c + 13. Let t be i(9). Let y be w(t). Calculate the greatest common factor of 20 and y.
10
Let q(t) = 85*t. Let u be q(1). Let j = -3 - -37. What is the highest common factor of u and j?
17
Suppose -9 = -d - 2*w, -2*d + 46 = 2*d - 2*w. Let y(t) = 11*t**3 - 3*t**2 - t + 3. Let m be y(2). Calculate the highest common factor of m and d.
11
Suppose -5*k + 2*x = -k - 108, -5*k = -3*x - 137. What is the highest common divisor of k and 25?
25
Let m(l) = l**3 + 10*l**2 + 9. Let j be m(-10). Calculate the highest common factor of j and 9.
9
Let z(n) = -n + 96. Let c be z(0). Let h(l) = 2*l - 12. Let u be h(12). What is the greatest common divisor of c and u?
12
Let d be 164/6 + 4/6. What is the highest common factor of 196 and d?
28
Let w(b) = 5*b**2 + b - b**2 + 2*b**3 - 3*b**3 + 2*b**3 - 4. Let j be w(-3). Let m be 1*7 - (j + 0). Calculate the greatest common divisor of 45 and m.
5
Suppose -2*l + 1 = -9. Suppose h - l = 8. What is the greatest common divisor of 65 and h?
13
Let j(c) = c**2 + 8*c + 10. Let y be j(-7). Suppose -q = 3*t - 4*t, -5*q - 4*t = -45. Suppose q*z - 23 + 8 = 0. What is the greatest common divisor of z and y?
3
Suppose -p - 44 = 8. Let u = p + 87. Calculate the highest common divisor of 14 and u.
7
Let m = 46 + -22. What is the greatest common divisor of m and 12?
12
Suppose -2 = -o + 11. What is the greatest common divisor of o and 26?
13
Let r = 47 + -26. Let w be r + 1*(0 + -3). Calculate the highest common divisor of w and 2.
2
Suppose -5*u = -3*s - 16 + 80, 4*s - 77 = 5*u. Let w be 1/3 - (-76)/6. Calculate the highest common factor of w and s.
13
Suppose -3*f - f = 48. Let c = 19 + f. Suppose -8 = -5*u + c. Calculate the greatest common divisor of u and 12.
3
Suppose -3*q - 3*o = -18, 2*o - 2 = q + o. Calculate the highest common divisor of 16 and q.
2
Let y(d) = d**2 - d + 2. Let j be y(0). Suppose -3*s + 53 = 5*h, 2*h + j*s = 7*h - 48. Let v = -13 - -23. Calculate the highest 